2 = 4*m - l. What is the units digit of m?
8
Let z be (-4)/(-10)*(-220)/(-8). Let f(v) = v**2 - 8*v - 7. What is the units digit of f(z)?
6
Suppose l + 4*g = 14, -g + 11 = -3*l + 7*l. Suppose 10*o - 528 = l*o. What is the units digit of o?
6
What is the tens digit of 523 - 1*(-1 + -1)?
2
Suppose -2587 = -2*w - 3*q, 18*w - 5*q = 21*w - 3883. What is the tens digit of w?
8
Let w = -11679 + -17. What is the hundreds digit of (-1)/(-3) + (w/(-12))/4?
2
Let t be ((-7)/(-4))/((-4 - -8)/160). What is the units digit of 2550/t + (-6)/14?
6
Let y(n) = 2*n**2 - n. Let w be y(1). Suppose w = 2*k - 3. Suppose -k*q - 4 = -4*l - 28, -q = l. What is the units digit of q?
4
Suppose s - 3 = 5*u, 2*s + 2*u - 15 = -3*s. Let a be -8*s/6 - 194. What is the units digit of (-6)/4*a/27?
1
Let b = -399 + 438. What is the units digit of b?
9
Suppose -11*x - o + 4317 = -6*x, -o = x - 865. What is the units digit of x?
3
Let r = 79 - 69. Let p(a) = 20*a - 64. What is the units digit of p(r)?
6
Let x = -1 - -3. What is the tens digit of (x/(-6))/(22/(-5412))?
8
Suppose 7*r - 16*r + 5157 = 0. What is the tens digit of r?
7
Let s(u) = 5*u**2 - u + 12. What is the hundreds digit of s(11)?
6
Let k = -13 - -16. Suppose -k*f + 224 = f. What is the tens digit of f?
5
Let s = -24 + 28. Suppose 3*o - 5*f + 109 = s*o, 0 = 4*o - 4*f - 388. What is the units digit of o?
9
Let n(h) = -10*h + 13. Let y(v) = -v + 1. Let w(g) = -n(g) + 2*y(g). What is the units digit of w(2)?
5
Suppose -5*q = 0, 0 = 5*d + 4*q + 23 + 62. Let b = d - -30. What is the tens digit of b?
1
What is the hundreds digit of 1 + 6 - (-27279)/(21/3)?
9
Let c = 42 + 635. What is the units digit of c?
7
Let p(a) = 14*a + 51. Suppose 0 = -3*j - 3*x + 6*x + 39, -j + 5*x + 5 = 0. What is the hundreds digit of p(j)?
2
Let a = -7 - -12. Suppose j = -6*w + 3*w + 34, 3*w - 6 = 0. Suppose a*d + j = 93. What is the tens digit of d?
1
Suppose q = 79 + 9. Suppose 0*s + w = -3*s + 250, s = -5*w + q. What is the tens digit of s?
8
Let j = 22 + -15. Suppose 210 = j*v - 7. What is the tens digit of v?
3
Let a(j) = 94*j**2 + 2*j - 2. Suppose -2*g - 6 = -8. What is the units digit of a(g)?
4
Suppose -6*q = -7*q + 5. Suppose -t - q - 18 = b, -2*t - 65 = 3*b. Let n(x) = -x**2 - 21*x + 16. What is the tens digit of n(b)?
5
Let q be (-4 + (-22)/(-5))*25. What is the tens digit of 404/q - (-9)/15?
4
Suppose -g + 2*z = 3*g - 2186, -5*z - 1657 = -3*g. Suppose 0 = 5*w - 3*w - g. What is the hundreds digit of w?
2
What is the hundreds digit of (159 + 42)*8/6?
2
Suppose -5*v + 20 = -h + 5*h, -5*h + 4*v + 25 = 0. Suppose -2*l + 1 = f, f + f - h*l = 29. Suppose 5*a - 58 = f. What is the tens digit of a?
1
Let f(q) = 4*q**2 - 101*q + 154. What is the units digit of f(43)?
7
Let h(i) = 46*i - 107*i + 10 - i**2 + 49*i. Suppose -2*b - 5*u - 47 = 0, -2*b + 4*u - 7 = u. What is the units digit of h(b)?
1
Suppose -46*f + 45*f = 0. Suppose 2*z - 608 = -f*r - 4*r, 0 = 5*r + 3*z - 759. What is the tens digit of r?
5
Suppose 0 = -2*s + 780 + 60. What is the tens digit of s?
2
Suppose 12*n - 5*n + 84 = 0. Let d be (1 + 2 + -4)*n. Suppose 4*b = -d + 44. What is the units digit of b?
8
Let a = 19 - 21. Let z be (a/6)/(1/(-6)). Suppose -z*l + 3*l = 17. What is the tens digit of l?
1
Suppose 0 = 4*t - t + 4*a - 121, -3*a - 6 = 0. What is the units digit of t?
3
Suppose -4*z = -s + 482, -3*s - 701 = -2*z - 2147. What is the hundreds digit of s?
4
Let k(h) = -h**2 + 10*h + 4. Let f be k(10). Suppose 4 = r, -7*u + 5*r = -f*u - 742. What is the units digit of u?
4
Suppose -7 = -3*h + 29. Suppose -h*p = p - 1924. What is the units digit of p?
8
Suppose -2*x + g + 1246 = 0, -2*x + 7*g + 1254 = 4*g. What is the hundreds digit of x?
6
Let j be (2 + 0)/((-1)/(-13)). Suppose 2*k + 0*k - j = 3*d, d = -2*k + 10. Suppose 2*h = w + 45, -5*h + k*h + w - 39 = 0. What is the units digit of h?
1
Let h(x) = -502*x**3 - 2*x**2 - 3*x - 2. Let j be h(-2). What is the units digit of (3 - 1)/(-12) - j/(-24)?
7
Let m be (-11)/(-3) + (-4)/(-18)*-3. Suppose d = 4*a - 4*d - 10, -1 = a - m*d. What is the units digit of a?
5
Let c(h) = 7*h**3 - 4*h**2 + 4*h - 4. Let j be c(2). Suppose -4*r + 8 = -j. Let t = r + 32. What is the tens digit of t?
4
Let r be (-12)/15*-2*5. Suppose t + 4*t = 2*s - 43, -5*t = s + 1. What is the units digit of s - r/12*3?
2
Suppose 3*o - 5*d + 6*d - 24 = 0, 2*o - 5*d - 16 = 0. Suppose o*l = l + 1673. What is the tens digit of l?
3
Let n(t) = t**3 - 6*t**2 + 5*t - 7. Suppose -14 = 2*h - 3*h. Let x = h + -8. What is the tens digit of n(x)?
2
Suppose 124*u = 126*u - 1274. What is the hundreds digit of u?
6
Suppose -h = 2*h - 12. Suppose h*d - 51 = m, d = 6*d - m - 65. Suppose -5*r + 11 + d = 0. What is the units digit of r?
5
Let j = 12417 - 8755. What is the tens digit of j?
6
Let p(a) = -5*a - 4. Let w be p(4). Let v be w/(-14) + (-2)/(-7). Suppose -5*x + 17 = -h, h - 14 = -2*h + v*x. What is the units digit of h?
8
Let x be (1 - 11)*(-2)/4. Suppose a - 755 = -2*g - 2*g, -x*g = -3*a - 931. What is the hundreds digit of g?
1
Let u(n) = -5*n**2 - 14*n - 27. Let g(p) = p**2 + 3*p + 3. Let t(y) = 6*g(y) + u(y). Let x = 7 + 0. What is the units digit of t(x)?
8
Let d(n) = 16*n - 9. Suppose -4*f - 2*m = -16, -f + m + 6 = 2. What is the tens digit of d(f)?
5
Let d(z) = 0*z + 2*z - 34 + 17 + 19 - 65*z**3. What is the tens digit of d(-1)?
6
Suppose 0 = 3*t + 11*w - 10*w - 1546, w + 2059 = 4*t. What is the units digit of t?
5
Suppose k + 3*n - n = 1, -3*k = 4*n + 3. Let m(l) = l**2 + 6*l + 7. What is the units digit of m(k)?
2
Let m = -781 + 122. Let y = m - -947. What is the hundreds digit of y?
2
Let a = 13 - 8. Suppose -40 = -a*g + 65. What is the tens digit of g?
2
Let c = 2851 - 1725. What is the units digit of c?
6
Let w = 1320 - 1011. What is the units digit of w?
9
Let w(l) = -l**3 - l**2 + l. Let c(k) = 7*k**3 + 16*k**2 + 5*k + 11. Let n(t) = -c(t) - 6*w(t). Let v = -14 + 5. What is the units digit of n(v)?
7
Let s be 59 - 4/2*(-2)/4. Suppose 316 = 2*m - s. What is the hundreds digit of m?
1
Let u(s) = -2*s**2 + 2*s + 2. Let w be u(-1). Let t be -65*(10/w - -1). What is the tens digit of (-5)/(-30) + t/24?
1
Let n(q) = 83*q - 38. What is the tens digit of n(8)?
2
Suppose 0 = -4*p + 30 - 2. Suppose p*m - 35 = 5*r + 4*m, -13 = 2*r - m. What is the units digit of (-32)/(r/1)*4?
2
Suppose 3*u = -2*j + 137, 0 = -5*u + j + 289 - 78. Let y = u - -3. What is the tens digit of y?
4
Let g = -529 + 1073. What is the units digit of g?
4
Let x(t) = 4 + 0*t + 2*t**2 + t**2 + 3*t. Let w be (5/10)/((-2)/16). What is the tens digit of x(w)?
4
Suppose -4*j - u - 8573 - 399 = 0, 5*u = 3*j + 6752. Let r be (-2)/10 - j/20. Suppose q - r = -q. What is the units digit of q?
6
Let d(o) = -5*o**3 - 16*o**2 - 11*o + 10. What is the tens digit of d(-5)?
9
Suppose y - 200 + 76 = 0. What is the units digit of y?
4
Let s be 10/8 - (-1)/(-4). Let w(p) = -2*p - 1. Let n(k) = 37*k - 6. Let r(l) = n(l) - 2*w(l). What is the tens digit of r(s)?
3
Suppose 2*x = x + 4. Suppose 14 = -3*l + 2*u - 2, 0 = -x*l + u - 13. What is the tens digit of ((-8)/(-6) + l)*-30?
2
Suppose -5*u = -f + 1270, -11*u + 2595 = 2*f - 10*u. What is the hundreds digit of f?
2
Let x be (16/10)/((-4)/(-10)). Suppose -3*c + 5*k = -5*c + 146, -x*k + 146 = 2*c. What is the units digit of c?
3
Let k = 27 - 23. Suppose 7*a - 114 = k*a. What is the units digit of a?
8
Let u = 2573 + -939. What is the tens digit of u?
3
Let i(o) = o + 13. Let v be i(-9). Suppose 3*d - 154 = -v*r, -4*r - 90 = -3*d + 80. What is the units digit of d?
4
Let w = 23 + 195. What is the units digit of w?
8
Let a(c) = -c + 10. Let f be a(6). Suppose -d - 3 = 3*t + 3, f*t = -d - 8. What is the units digit of (-2)/(-4)*d + 3?
3
Suppose -6*p = 13*p - 4560. What is the units digit of p?
0
What is the units digit of 740*(4 + (0/3 - 3))?
0
Let v(y) = 17*y**3 - 2*y**2 - 2*y + 2. Let m(k) = 2*k - 8. Let s be m(5). What is the hundreds digit of v(s)?
1
Let b(z) = -16*z + 17. Let s be b(-5). Suppose s = 4*o - 83. What is the units digit of o?
5
Let t(z) = 19 - 19 + 4*z**2 + 2*z + 2*z**2 - z**3. What is the units digit of t(6)?
2
Suppose -n + 4 = 0, 4*n + 48 = -2*j + j. What is the tens digit of (-6 - 14664/j) + (-2)/16?
2
Let h(t) = -t**2 + 6*t + 12. Let p be h(-3). W